tor of 22879333?
False
Is 205796897 a multiple of 3574?
False
Does 76 divide 3803954?
False
Is 247 a factor of 161221787?
False
Is 790369260 a multiple of 127?
True
Does 3 divide 3821523?
True
Does 1198 divide 8270992?
True
Is 642480689 a multiple of 23?
True
Is 173758514 a multiple of 151?
False
Is 54621754 a multiple of 31?
False
Is 88 a factor of 3202626498?
False
Does 10 divide 152945885?
False
Is 241 a factor of 24593519?
False
Is 23400191 a multiple of 5?
False
Is 205140530 a multiple of 14?
True
Is 5 a factor of 27363500?
True
Is 10414168 even?
True
Is 140 a factor of 361283930?
False
Does 69 divide 112123870?
False
Is 529 a factor of 9273899?
True
Is 2213 a factor of 1486587176?
True
Is 305589369 a multiple of 19?
True
Is 438365604 a multiple of 1156?
True
Is 189 a factor of 801193491?
True
Is 583 a factor of 397601892?
False
Is 71001594 a multiple of 144?
False
Is 252130 even?
True
Does 33 divide 81412089?
True
Does 2753 divide 1686069344?
True
Is 1978 a factor of 54250606?
True
Does 190 divide 12095400?
True
Is 3974097 a multiple of 2147?
True
Does 3 divide 9136060?
False
Does 6 divide 221321392?
False
Is 269 a factor of 793457059?
False
Does 2 divide 723754861?
False
Does 101 divide 309279776?
True
Is 1473709891 a multiple of 3905?
False
Is 24891733 a multiple of 18?
False
Is 26 a factor of 216919722?
False
Is 71456939 a multiple of 119?
False
Is 7175 a factor of 2414437725?
True
Is 330600891 a multiple of 214?
False
Is 205 a factor of 3940058662?
False
Is 7 a factor of 56806463?
True
Does 144 divide 42767568?
True
Is 235480203 a multiple of 18?
False
Is 12 a factor of 1687381771?
False
Does 74 divide 2227074268?
False
Is 6270 a factor of 1260765330?
True
Does 59 divide 31822136?
False
Does 592 divide 13311120?
True
Is 2999 a factor of 1211838919?
True
Does 87 divide 947773032?
False
Is 7954420524 a multiple of 40?
False
Is 17 a factor of 9338746?
True
Is 8652386 even?
True
Does 746 divide 19154558?
False
Does 2 divide 5487547?
False
Is 30634179 a multiple of 29?
True
Does 263 divide 83425704?
True
Does 26 divide 498602?
True
Is 12757 a factor of 1621414700?
True
Is 34 a factor of 38419150?
True
Is 440 a factor of 1219071094?
False
Is 9 a factor of 48799827?
True
Does 230 divide 46248630?
True
Is 45 a factor of 733192?
False
Is 55940990 a multiple of 51?
False
Is 264176874 a multiple of 741?
True
Is 1150 a factor of 27470050?
True
Is 5 a factor of 357810876?
False
Is 137 a factor of 1036424681?
False
Is 1493653734 a multiple of 18?
True
Is 30 a factor of 19469608?
False
Is 199 a factor of 27227976?
True
Is 4 a factor of 40000926?
False
Is 32426107 a multiple of 9?
False
Does 13 divide 20717103?
False
Does 7 divide 94702077?
False
Does 20 divide 308506191?
False
Does 59 divide 11212183?
True
Does 143 divide 815184896?
False
Is 6615169 a multiple of 11?
True
Is 270 a factor of 35476775?
False
Is 8 a factor of 1539571784?
True
Is 64 a factor of 233417536?
True
Is 1379445900 a multiple of 70?
True
Does 615 divide 131780312?
False
Is 1178 a factor of 138677694?
True
Is 12 a factor of 209614641?
False
Does 69 divide 54050134?
False
Is 7099 a factor of 24136600?
True
Does 2261 divide 147833224?
True
Is 791 a factor of 45126032?
False
Is 8 a factor of 7276604081?
False
Is 110078198 a multiple of 1071?
False
Does 8 divide 7657376?
True
Does 24 divide 194004240?
True
Is 92713376 a multiple of 56?
True
Is 32280985 a multiple of 20?
False
Is 650 a factor of 2046850?
True
Is 105486518 a multiple of 19?
True
Is 167944340 a multiple of 20?
True
Is 73119623 a multiple of 343?
False
Is 20 a factor of 272263304?
False
Is 107679054 a multiple of 161?
True
Is 9 a factor of 992146283?
False
Is 1187168 a multiple of 16?
True
Does 2454 divide 30854142?
True
Is 12859 a factor of 2549219596?
True
Is 711663480 a multiple of 360?
True
Is 81487720 a multiple of 389?
True
Does 3 divide 2639010?
True
Is 52661892 a multiple of 1038?
True
Is 26 a factor of 671825102?
True
Is 119711435 a multiple of 320?
False
Is 154 a factor of 1974514696?
True
Does 446 divide 864209740?
True
Is 50024990 a multiple of 90?
False
Does 49 divide 41046516?
True
Is 47 a factor of 135474686?
False
Is 34 a factor of 385565306?
False
Is 14986504 a multiple of 4?
True
Is 9 a factor of 44393233?
False
Is 1366670643 a multiple of 7564?
False
Is 679 a factor of 44031677?
False
Is 200954288 a multiple of 83?
True
Is 3732541 a multiple of 43?
False
Is 155 a factor of 239272777?
False
Does 40 divide 843830360?
True
Is 36 a factor of 430662420?
True
Does 91 divide 208010985?
True
Is 26149410 a multiple of 2444?
False
Is 826831 a multiple of 31?
False
Is 2491016562 a multiple of 58?
False
Does 263 divide 85593350?
True
Is 29 a factor of 8269191283?
True
Does 423 divide 76318929?
True
Is 241 a factor of 1135787210?
True
Is 354 a factor of 252107495?
False
Is 77766832 a multiple of 88?
True
Does 2364 divide 2129448980?
False
Is 469 a factor of 251370979?
False
Is 12 a factor of 3596924676?
True
Does 17 divide 1543075?
False
Is 188 a factor of 23490600?
True
Does 19 divide 9873711?
True
Does 3 divide 224764526?
False
Is 39 a factor of 50612045?
False
Does 173 divide 404128?
True
Is 79 a factor of 3564290?
False
Does 2 divide 1186824?
True
Does 187 divide 18646705?
True
Is 151 a factor of 233847962?
True
Does 505 divide 1018499655?
True
Does 8 divide 60287386?
False
Does 278 divide 42958784?
True
Is 256 a factor of 10486175?
False
Is 74 a factor of 115898705?
False
Is 42 a factor of 45872400?
True
Does 235 divide 256202640?
True
Is 71657002 a multiple of 336?
False
Is 1459 a factor of 626113660?
False
Does 125 divide 98734153?
False
Is 14822472 a multiple of 4?
True
Is 224503049 a multiple of 109?
True
Is 137452470 a multiple of 30?
True
Is 2199 a factor of 2389515411?
False
Does 212 divide 19677001?
False
Is 609 a factor of 473235630?
True
Does 28 divide 1114669248?
True
Is 6 a factor of 1601826?
True
Is 255 a factor of 41270935?
False
Is 25 a factor of 21608825?
True
Does 299 divide 464448805?
False
Is 9 a factor of 526471809?
False
Is 34806112 a multiple of 22?
True
Does 451 divide 96251969?
True
Is 231364636 a multiple of 603?
False
Does 25 divide 63073325?
True
Is 141294549 a multiple of 11?
True
Does 297 divide 5129756904?
False
Does 113 divide 24045193?
False
Does 91 divide 2066182298?
False
Does 68 divide 992823?
False
Is 12506076 a multiple of 484?
True
Is 526477646 a multiple of 246?
False
Is 51280437 a multiple of 49?
False
Is 9770 a factor of 80328062?
False
Does 3695 divide 367744875?
True
Does 860 divide 17688267?
False
Is 76 a factor of 482963584?
True
Is 220499821 a multiple of 246?
False
Is 6506 a factor of 2278597167?
False
Is 18008032 a multiple of 112?
True
Is 781722360 a multiple of 180?
True
Does 342 divide 132683231?
False
Is 910051706 a multiple of 111?
False
Is 740665772 a multiple of 2324?
True
Is 99 a factor of 162135072?
True
Is 8 a factor of 35269056?
True
Is 4248 a factor of 119596239?
False
Is 56 a factor of 3921418928?
True
Is 2831413889 a multiple of 761?
True
Is 22450385 a multiple of 295?
True
Is 1104670148 a multiple of 22?
False
Does 91 divide 97820450?
True
Does 470 divide 50376010?
True
Is 12019998 a multiple of 957?
False
Is 24 a factor of 52234368?
True
Does 27 divide 1894098546?
True
Does 175 divide 444143331?
False
Is 83791736 a multiple of 412?
True
Is 27 a factor of 940395609?
True
Does 284 divide 743327968?
True
Is 39 a factor of 18405688?
False
Is 83194894 a multiple of 11?
False
Does 38 divide 16883416?
False
Is 172 a factor of 179542671?
False
Is 1359283068 a multiple of 2628?
True
Is 149940269 a multiple of 240?
False
Is 55 a factor of 23415027?
False
Is 50 a factor of 53891669?
False
Does 3006 divide 4247478?
True
Does 614 divide 261498302?
True
Is 57 a factor of 54402396?
True
Is 170397476 a multiple of 2993?
True
Does 327 divide 6456934?
False
Does 506 divide 132233912?
False
Does 1204 divide 999953860?
False
Is 2 a factor of 29819806?
True
Is 35624094 a multiple of 121?
True
Is 224 a factor of 5423690944?
True
Does 15 divide 317674958?
False
Does 302 divide 194956240?
False
Is 2037 a factor of 53230122?
False
Is 319082106 a multiple of 21?
True
Does 15 divide 346555830?
True
Is 777935753 a multiple of 459?
False
Is 23138679 a multiple of 484?
